{"version":"1.0","provider_name":"enzo &amp; Ferdinand","provider_url":"https:\/\/www.enzo-und-ferdinand.de","author_name":"Rainer Ro\u00dfbach","author_url":"https:\/\/www.enzo-und-ferdinand.de\/index.php\/author\/redaktion\/","title":"Jochen Mass: Eine deutsche Rennsport-Ikone","type":"rich","width":600,"height":338,"html":"<blockquote class=\"wp-embedded-content\" data-secret=\"zvYeSxkrlO\"><a href=\"https:\/\/www.enzo-und-ferdinand.de\/index.php\/2025\/10\/17\/jochen-mass-eine-deutsche-rennsport-ikone\/\">Jochen Mass: Eine deutsche Rennsport-Ikone<\/a><\/blockquote><iframe sandbox=\"allow-scripts\" security=\"restricted\" src=\"https:\/\/www.enzo-und-ferdinand.de\/index.php\/2025\/10\/17\/jochen-mass-eine-deutsche-rennsport-ikone\/embed\/#?secret=zvYeSxkrlO\" width=\"600\" height=\"338\" title=\"&#8222;Jochen Mass: Eine deutsche Rennsport-Ikone&#8220; &#8211; enzo &amp; Ferdinand\" data-secret=\"zvYeSxkrlO\" frameborder=\"0\" marginwidth=\"0\" marginheight=\"0\" scrolling=\"no\" class=\"wp-embedded-content\"><\/iframe><script type=\"text\/javascript\">\n\/* <![CDATA[ *\/\n\/*! This file is auto-generated *\/\n!function(d,l){\"use strict\";l.querySelector&&d.addEventListener&&\"undefined\"!=typeof URL&&(d.wp=d.wp||{},d.wp.receiveEmbedMessage||(d.wp.receiveEmbedMessage=function(e){var t=e.data;if((t||t.secret||t.message||t.value)&&!\/[^a-zA-Z0-9]\/.test(t.secret)){for(var s,r,n,a=l.querySelectorAll('iframe[data-secret=\"'+t.secret+'\"]'),o=l.querySelectorAll('blockquote[data-secret=\"'+t.secret+'\"]'),c=new RegExp(\"^https?:$\",\"i\"),i=0;i<o.length;i++)o[i].style.display=\"none\";for(i=0;i<a.length;i++)s=a[i],e.source===s.contentWindow&&(s.removeAttribute(\"style\"),\"height\"===t.message?(1e3<(r=parseInt(t.value,10))?r=1e3:~~r<200&&(r=200),s.height=r):\"link\"===t.message&&(r=new URL(s.getAttribute(\"src\")),n=new URL(t.value),c.test(n.protocol))&&n.host===r.host&&l.activeElement===s&&(d.top.location.href=t.value))}},d.addEventListener(\"message\",d.wp.receiveEmbedMessage,!1),l.addEventListener(\"DOMContentLoaded\",function(){for(var e,t,s=l.querySelectorAll(\"iframe.wp-embedded-content\"),r=0;r<s.length;r++)(t=(e=s[r]).getAttribute(\"data-secret\"))||(t=Math.random().toString(36).substring(2,12),e.src+=\"#?secret=\"+t,e.setAttribute(\"data-secret\",t)),e.contentWindow.postMessage({message:\"ready\",secret:t},\"*\")},!1)))}(window,document);\n\/\/# sourceURL=https:\/\/www.enzo-und-ferdinand.de\/wp-includes\/js\/wp-embed.min.js\n\/* ]]> *\/\n<\/script>\n","thumbnail_url":"https:\/\/www.enzo-und-ferdinand.de\/wp-content\/uploads\/2025\/10\/2023-02-17-SC-0121-Kraeling.jpg","thumbnail_width":1500,"thumbnail_height":1000,"description":"Rainer Ro\u00dfbach, Rainer Rossbach, enzo-und-ferdinand, enzo&ferdinand, Enzo, Jochen Mass, Jochen Mass Buch, Jochen Mass Biografie, Jochen Mass Rennfahrer, Jochen Mass Karriere, Jochen Mass McLaren, Jochen Mass Porsche, Jochen Mass Mercedes, Jochen Mass Le Mans, Jochen Mass Formel 1, Jochen Mass Surtees, Jochen Mass McLaren Sieg, Jochen Mass 1975 Barcelona, Jochen Mass Porsche 962, Jochen Mass Sauber-Mercedes, Jochen Mass Bobby Rahal, Jochen Mass Stuck, Jochen Mass Ford Capri, Jochen Mass Alfa Romeo, Jochen Mass Paris Dakar, Jochen Mass Rallye, Jochen Mass Motorsport, Jochen Mass Oldtimer, Jochen Mass Interview, Jochen Mass Buch prova edition, Ferdi Kr\u00e4ling, Hans-Joachim Stuck, Achim Schlang, Hartmut Lehbrink, J\u00f6rg-Thomas F\u00f6disch, Nils Ruwisch, Rainer Braun, Motorsportgeschichte Deutschland, deutsche Rennfahrer, Motorsportlegenden, Le Mans 1989, Formel 1 Geschichte, Porsche Werksteam, Mercedes Nachwuchsprogramm, Michael Schumacher F\u00f6rderung, Sauber-Mercedes Team, Motorsport-Bildband, historische Rennwagen Mercedes, Mille Miglia Teilnahme, Motor Sport Interview, Jochen Mass Tod 2025, Jochen Mass Nachruf, Jochen Mass Verm\u00e4chtnis, deutsche Rennsport-Ikone."}

Rainer Roßbach

Rainer Roßbach, Rainer Rossbach, enzo-und-ferdinand, enzo&ferdinand, Enzo, Jochen Mass, Jochen Mass Buch, Jochen Mass Biografie, Jochen Mass Rennfahrer, Jochen Mass Karriere, Jochen Mass McLaren, Jochen Mass Porsche, Jochen Mass Mercedes, Jochen Mass Le Mans, Jochen Mass Formel 1, Jochen Mass Surtees, Jochen Mass McLaren Sieg, Jochen Mass 1975 Barcelona, Jochen Mass Porsche 962, Jochen Mass Sauber-Mercedes, Jochen Mass Bobby Rahal, Jochen Mass Stuck, Jochen Mass Ford Capri, Jochen Mass Alfa Romeo, Jochen Mass Paris Dakar, Jochen Mass Rallye, Jochen Mass Motorsport, Jochen Mass Oldtimer, Jochen Mass Interview, Jochen Mass Buch prova edition, Ferdi Kräling, Hans-Joachim Stuck, Achim Schlang, Hartmut Lehbrink, Jörg-Thomas Födisch, Nils Ruwisch, Rainer Braun, Motorsportgeschichte Deutschland, deutsche Rennfahrer, Motorsportlegenden, Le Mans 1989, Formel 1 Geschichte, Porsche Werksteam, Mercedes Nachwuchsprogramm, Michael Schumacher Förderung, Sauber-Mercedes Team, Motorsport-Bildband, historische Rennwagen Mercedes, Mille Miglia Teilnahme, Motor Sport Interview, Jochen Mass Tod 2025, Jochen Mass Nachruf, Jochen Mass Vermächtnis, deutsche Rennsport-Ikone.
